t d be (s - 1)*(-8 + 10). Suppose -2*x + 264 = d*x. What is the units digit of x?
4
Suppose 7*n + 120447 = 149672 + 158970. What is the units digit of n?
5
Suppose 6*f - 27 = 3. Suppose 3*v - 2*v + 1833 = f*u, u = -4*v + 375. What is the hundreds digit of u?
3
Suppose 0 = -5*r + r - 20, 2*h - 5*r = 65. Let y(d) = d**3 - 19*d**2 - 12*d + 13. What is the tens digit of y(h)?
7
Let n(x) = 154*x - 2. Let y be (19 + 30/(-6))*2/7. What is the hundreds digit of n(y)?
6
Let m(s) = 196*s**2 - 171*s + 516. What is the units digit of m(3)?
7
Let j(r) = 37*r**2 + 60*r + 54. What is the thousands digit of j(-13)?
5
Let c(j) = -j**2 + 305*j + 2*j**2 - 308*j + 18*j**3 + 1. Let r be c(1). Let k = r + 0. What is the units digit of k?
7
Let g(w) = -4*w**2 + 131*w + 35. Let o be g(33). Suppose 2*i = o*q + 2190, 7*i - 8*i - 2*q + 1101 = 0. What is the units digit of i?
7
Let c(t) = 473*t + 640. What is the units digit of c(15)?
5
Let a be 333*(112/(-96))/((-1)/4). Suppose 7*u - a = -42. What is the units digit of u?
6
Suppose 9*l - 8450 = 7651. Let d = l - 97. What is the thousands digit of d?
1
Suppose -n - 258073 = -5*p, -53*p + 3*n - 51637 = -54*p. What is the ten thousands digit of p?
5
Let r = 66 + -61. Let a(i) = i**2 + i - 8. Let g be a(4). Suppose -x + 96 = r*o, o + x - g - 4 = 0. What is the tens digit of o?
2
Let d(k) be the first derivative of k**3/3 + 3*k**2/2 - 28*k - 18. Let x be d(-18). Let o = -112 + x. What is the hundreds digit of o?
1
Suppose -b + 5*m - 4 = 23, 3*m = 9. Let o be (-28)/b + -3 + (-8)/(-3). What is the tens digit of (o - 5)*176/(-6)?
8
What is the thousands digit of (-4)/(-10) + 252648/55?
4
Suppose 0 = b - 3*b + 10. Let u(v) = 2*v**3 - 111*v**2 - 50*v - 218. Let m be u(56). Let w = b + m. What is the hundreds digit of w?
1
What is the units digit of (-77202)/(-10) + (88/10 - 8)?
1
Let c = 401 + -233. Suppose -5*u + 5*v - 15 = 0, 3*v = -u + v + 12. Suppose -3*f - 149 + 551 = 5*d, -u*d - 3*f = -c. What is the tens digit of d?
7
Let n(f) = f**3 - 16*f**2 + 50*f - 45. Let m = -118 - -132. What is the hundreds digit of n(m)?
2
Suppose -d - 2*w = 4*d - 12077, -2*w - 7259 = -3*d. Let a = d + 1485. Suppose -1192 = -18*x + a. What is the units digit of x?
3
Let r = 5308 + 11327. What is the units digit of r?
5
Suppose 5*z - 3*z = -98. Let x = 54 + z. What is the tens digit of ((54/x)/(-1))/(4/(-10))?
2
Suppose -f - 82*j + 79*j + 29193 = 0, -f + 29208 = -2*j. What is the ten thousands digit of f?
2
Suppose -21*d + 17*d + 29956 = 5*o, -3*o + 3*d = -17979. What is the units digit of (-28)/8 + o/16?
1
Suppose 34*n - 35*n = -5. Suppose -n*a + a + 24 = 0. Suppose a*q = 7*q - 98. What is the units digit of q?
8
Let d(n) = -n**2 + 13*n - 18. Let k be d(11). Suppose -5*j = 5*w - 4305, -j + k*j - w = 2571. Suppose -j = -5*g - 68. What is the tens digit of g?
5
Suppose 0*t = -6*t + 24. Let o(k) = -5 + 4*k**2 + t + 0*k**3 - 8*k**2 - k**3. What is the tens digit of o(-5)?
2
Let t(v) = 7*v**2 + 5*v + 5. Suppose -4*l + 11 = 3*q, 2 - 7 = -q. Let c be t(l). Suppose 0 = -c*n - n + 1000. What is the units digit of n?
5
Let p(g) = -540*g - 4155. What is the ten thousands digit of p(-66)?
3
Let x(p) = p**3 - 7*p**2 + p - 10. Let a be x(7). Let b = 2 - a. Suppose -2*z + 48 = b*l, -5*z - 2*l = -4*l - 120. What is the tens digit of z?
2
Let t(f) = 85*f + 298. Let d be t(-7). What is the hundreds digit of 2*(-1 - (7 + d))?
5
Suppose 3*j + 4*k = k + 87, -j = -k - 29. Suppose -8*n + 2*n - 42 = 0. Let l = n + j. What is the units digit of l?
2
Suppose -100103 + 273431 + 1197712 = 220*s. What is the units digit of s?
2
Let i = 215 - 356. Let c = i + 655. What is the tens digit of c?
1
Suppose -3*x + 2267 = -1639. Suppose -4*t = -20, 2*k + 0*t - x = 2*t. What is the hundreds digit of k?
6
Let d be (-25 + -2 - -1)/(4/(-34)). Suppose 280 = 6*n + 2*n. Let w = d - n. What is the tens digit of w?
8
Let w = 40423 + -15178. Suppose -16*k + w = k. What is the units digit of k?
5
What is the thousands digit of -3 - (76039/(-2) + 7) - (-7)/(-14)?
8
Suppose 3*d - 987 = -3*t - 234, 502 = 2*t - 3*d. What is the hundreds digit of t?
2
Let c(h) = h**3 - 9*h**2 + 13*h + 7. Let d be c(7). Suppose d = 5*a - 144 - 386. What is the units digit of a?
6
Suppose 244*x + 169741 = 1150542 - 34813. What is the tens digit of x?
7
Suppose -11*t + 21 = -1. Suppose -4*h = -c + 34 + 173, t*h = -2*c + 414. What is the units digit of c?
7
Let b(n) be the first derivative of -335*n**2/2 - 6*n + 108. What is the tens digit of b(-2)?
6
Suppose -30*m = -36*m - 12. Suppose -3*z = -z. What is the units digit of 11*((-8)/m + z)?
4
Let x = 10102 + -5726. Suppose 0*r + 4*c + x = 3*r, 0 = -4*r - 4*c + 5844. What is the tens digit of r?
6
Let r(y) = 405*y - 535. What is the tens digit of r(19)?
6
Let z = 18 + -4. Suppose -z = 4*i - 22. What is the units digit of i/11 - 1204/(-154)?
8
Suppose -1061*o = 4*n - 1062*o - 126580, -4*o = -32. What is the tens digit of n?
4
Let g(l) = -33*l + 10231. Let b be g(0). Suppose 0 = -29*r + b + 5168. What is the units digit of r?
1
Suppose -148574 + 21873 = -5*n + 2*s, -s = 6*n - 152065. What is the thousands digit of n?
5
Let j = -1019 + 2665. What is the hundreds digit of (-20)/120 + j/12 + 0?
1
Let b(h) = 202*h**3 - h**2 + 3*h + 2. Let u be b(-1). What is the units digit of (u/9)/(11/(-198))?
8
Let u be 6*(1 + -3 + (-8 - -11)). What is the units digit of ((-3192)/18)/(2/u*-1)?
2
Let c(o) = -46*o - 37*o + 14*o - 101. What is the tens digit of c(-5)?
4
Let z(v) be the third derivative of -121*v**4/24 - 35*v**3/6 + 48*v**2. What is the hundreds digit of z(-9)?
0
Suppose 0 = 9*x - 17*x - 96. Let p(g) = -g**3 - 9*g**2 - 20*g + 14. What is the hundreds digit of p(x)?
6
Let o(c) be the third derivative of c**4/24 + 5*c**3/2 + 16*c**2. Let t be o(-17). What is the hundreds digit of ((-812)/3)/t - (-4)/6?
1
Let q = 5 - 5. Suppose -t - 7 = -2*j - q, 13 = 5*j - t. Suppose 2*o = -5*b + 52 + 33, -4*b = -j*o + 94. What is the tens digit of o?
4
Let m(x) = -9*x - 5. Let h be m(-1). Suppose -h*d + 3425 = -367. Suppose 15*g + d = 19*g. What is the tens digit of g?
3
Suppose 0 = 15*i - 635 - 3370. Let g = 289 - i. What is the units digit of g?
2
Let z be (-20)/(-11) - 14/(-77). Suppose m - 54 = z*g, 294 = 5*m - 8*g + 6*g. What is the tens digit of m?
6
Let k = -2469 - -553. Let u = -1083 - k. What is the tens digit of u?
3
Suppose -5*h + 25 = 3*c - c, 20 = 4*h + 2*c. Let a be ((-516)/7)/(40/(-140)). Suppose 177 = h*n - a. What is the tens digit of n?
8
Suppose -2*m = -3*r + 21, -2*r + 0*r + 14 = m. Let l be r/((-35)/510) + 6/2. Let i = -70 - l. What is the tens digit of i?
2
Let z(n) = 4*n**3 - 3*n**2 - 38*n - 267. What is the ten thousands digit of z(29)?
9
Let c(y) = -239*y + 129*y + 11*y + 71. What is the hundreds digit of c(-13)?
3
What is the hundreds digit of (6 - (-3 + 8))*9336?
3
What is the hundreds digit of 3/(((-468)/61529)/(-12))?
7
Let b(c) = 10*c**2 - 119*c - 3661. What is the hundreds digit of b(-42)?
9
Suppose -156*q + 13815540 = 24*q. What is the hundreds digit of q?
7
Let h(p) = -21*p - 15. Let l be h(-2). Let b(z) = z**3 - 28*z**2 + 22*z - 65. Let v be b(l). Let o = 16 - v. What is the hundreds digit of o?
2
What is the hundreds digit of (-2 + -1317)*(0 - (-126)/(-14))?
8
Let s(r) = 388*r**2 + 95*r + 299. What is the tens digit of s(-3)?
0
Let w = -16512 - -30722. What is the tens digit of w?
1
What is the tens digit of (-743106)/(-130) - (-4)/(-20)?
1
Let h = 480 - 487. What is the tens digit of (h/(-21))/((-3)/(-4761))?
2
Suppose 0 = 4*t - 2064 - 720. Let m = -552 + t. What is the tens digit of m?
4
Suppose -6*s - s = 686. Let m = s - -491. What is the hundreds digit of m?
3
Let j = 2816 + -1562. Let m = -189 + j. What is the units digit of m?
5
Suppose 4*a - 4*k = 66748, 117021 - 33590 = 5*a - k. What is the ten thousands digit of a?
1
Suppose -6*l + 71280 = -3*l - 5*z, -l = 4*z - 23794. What is the hundreds digit of l?
7
Suppose 21641 + 104125 = 17*q. What is the tens digit of q?
9
Let u = 1216 - -3935. What is the tens digit of u?
5
Suppose -3 = 4*x - x, 0 = -3*t - 5*x - 38. What is the hundreds digit of 0 - (-308 - (t + 6))?
3
Let m be 62/6 + 6/(-18). Suppose 5*g + w = -0*w + m, -4*g - 5*w + 8 = 0. Suppose -g*j = 4*u - 94, 0*j = -3*j - 9. What is the tens digit 